atest common divisor of 364 and 196?
28
Calculate the greatest common divisor of 488 and 16.
8
What is the greatest common divisor of 95 and 171?
19
What is the greatest common factor of 2979 and 18?
9
What is the highest common factor of 1081 and 282?
47
Calculate the highest common divisor of 24 and 24.
24
Calculate the greatest common factor of 408 and 648.
24
Calculate the greatest common divisor of 667 and 23.
23
Calculate the greatest common factor of 248 and 8.
8
What is the highest common factor of 121 and 4719?
121
Calculate the highest common divisor of 130 and 40.
10
Calculate the highest common divisor of 7 and 4711.
7
What is the greatest common factor of 830 and 16102?
166
What is the greatest common factor of 12 and 162?
6
What is the highest common factor of 5339 and 76?
19
Calculate the greatest common divisor of 1096 and 152.
8
Calculate the greatest common divisor of 104 and 247.
13
Calculate the greatest common divisor of 611 and 47.
47
Calculate the greatest common factor of 116 and 2842.
58
What is the greatest common factor of 88 and 979?
11
What is the greatest common factor of 13 and 1?
1
What is the greatest common factor of 9 and 18?
9
Calculate the greatest common divisor of 10894 and 39.
13
Calculate the highest common factor of 202 and 14746.
202
What is the highest common factor of 80 and 3856?
16
What is the greatest common factor of 2645 and 20?
5
Calculate the greatest common factor of 1773 and 18.
9
What is the highest common factor of 33 and 28567?
11
Calculate the highest common divisor of 252 and 308.
28
Calculate the highest common divisor of 31 and 248.
31
What is the greatest common factor of 756 and 336?
84
Calculate the highest common divisor of 20 and 5.
5
Calculate the highest common divisor of 290 and 232.
58
Calculate the greatest common divisor of 280 and 350.
70
Calculate the highest common factor of 2576 and 28.
28
Calculate the greatest common divisor of 97 and 97.
97
What is the highest common factor of 32 and 784?
16
What is the greatest common factor of 78 and 30?
6
Calculate the greatest common factor of 17 and 340.
17
What is the greatest common factor of 38 and 2?
2
Calculate the highest common factor of 208 and 767.
13
Calculate the greatest common factor of 1 and 25.
1
Calculate the greatest common divisor of 56 and 196.
28
Calculate the greatest common factor of 238 and 51.
17
What is the greatest common factor of 78 and 12129?
39
What is the greatest common divisor of 12 and 498?
6
What is the greatest common factor of 1670 and 5344?
334
What is the highest common factor of 216 and 297?
27
Calculate the highest common factor of 15 and 9.
3
Calculate the highest common divisor of 208 and 1976.
104
Calculate the greatest common divisor of 120 and 195.
15
What is the greatest common divisor of 448 and 196?
28
What is the greatest common divisor of 65 and 13?
13
Calculate the highest common divisor of 32 and 224.
32
Calculate the greatest common factor of 833 and 441.
49
Calculate the greatest common divisor of 513 and 54.
27
What is the highest common factor of 2294 and 93?
31
Calculate the highest common factor of 42 and 54.
6
What is the highest common divisor of 273 and 42?
21
Calculate the greatest common divisor of 74 and 6697.
37
What is the greatest common divisor of 24 and 8?
8
Calculate the highest common divisor of 330 and 4994.
22
What is the greatest common factor of 19 and 437?
19
Calculate the highest common divisor of 64 and 10.
2
Calculate the highest common factor of 14 and 2422.
14
What is the highest common factor of 377 and 203?
29
What is the highest common factor of 16 and 2672?
16
Calculate the greatest common divisor of 1272 and 12.
12
What is the highest common divisor of 375 and 15?
15
What is the highest common divisor of 26 and 1586?
26
Calculate the greatest common divisor of 429 and 117.
39
Calculate the highest common divisor of 270 and 27.
27
What is the highest common divisor of 112 and 35?
7
What is the highest common divisor of 60 and 75?
15
What is the highest common divisor of 5 and 785?
5
Calculate the highest common divisor of 174 and 25114.
58
Calculate the highest common factor of 729 and 162.
81
Calculate the highest common divisor of 5481 and 441.
63
Calculate the highest common factor of 232 and 87.
29
What is the highest common factor of 11 and 1397?
11
What is the highest common factor of 12 and 732?
12
Calculate the greatest common factor of 5355 and 34.
17
Calculate the greatest common factor of 34 and 61302.
34
Calculate the highest common factor of 13 and 65.
13
What is the greatest common divisor of 95 and 323?
19
Calculate the highest common factor of 525 and 210.
105
Calculate the greatest common factor of 73 and 292.
73
What is the greatest common factor of 174 and 928?
58
Calculate the highest common divisor of 187 and 2101.
11
What is the greatest common factor of 210 and 50505?
105
Calculate the greatest common factor of 377 and 13.
13
Calculate the highest common factor of 2 and 22.
2
What is the greatest common divisor of 560 and 245?
35
What is the greatest common factor of 53 and 1007?
53
What is the greatest common divisor of 4 and 12?
4
What is the greatest common factor of 244 and 1098?
122
Calculate the greatest common factor of 2363 and 139.
139
What is the greatest common divisor of 340 and 136?
68
Calculate the greatest common divisor of 246 and 2.
2
What is the highest common divisor of 1192 and 149?
149
Calculate the greatest common divisor of 1260 and 100.
20
Calculate the highest common divisor of 18 and 1683.
9
What is the greatest common divisor of 2509 and 13?
13
Calculate the highest common divisor of 3522 and 6.
6
What is the greatest common divisor of 785 and 15?
5
What is the greatest common divisor of 14 and 2527?
7
Calculate the highest common divisor of 303 and 101.
101
What is the greatest common factor of 95 and 494?
19
What is the highest common factor of 54 and 144?
18
What is the highest common factor of 2125 and 375?
125
What is the greatest common factor of 1220 and 2?
2
What is the greatest common factor of 144 and 14592?
48
Calculate the highest common factor of 8667 and 1177.
107
Calculate the highest common factor of 390 and 936.
78
What is the greatest common divisor of 234 and 351?
117
Calculate the greatest common factor of 68 and 102.
34
What is the highest common divisor of 460 and 100?
20
What is the highest common divisor of 561 and 66?
33
What is the greatest common factor of 156 and 18?
6
What is the highest common factor of 20 and 705?
5
Calculate the highest common divisor of 39 and 1248.
39
What is the highest common divisor of 406 and 112?
14
Calculate the highest common factor of 29 and 18328.
29
Calculate the highest common factor of 44355 and 30.
15
Calculate the greatest common factor of 5520 and 207.
69
Calculate the highest common factor of 406 and 58.
58
What is the highest common factor of 8 and 1352?
8
Calculate the highest common divisor of 704 and 512.
64
What is the greatest common divisor of 18135 and 13?
13
Calculate the highest common factor of 570 and 1520.
190
Calculate the highest common divisor of 125 and 1025.
25
Calculate the greatest common divisor of 20 and 28780.
20
Calculate the highest common divisor of 345 and 3910.
115
What is the highest common divisor of 10089 and 27?
9
Calculate the highest common factor of 387 and 43.
43
Calculate the highest common divisor of 179 and 27029.
179
Calculate the highest common divisor of 22 and 1914.
22
What is the highest common factor of 46 and 6946?
46
What is the greatest common divisor of 5055 and 15?
15
Calculate the highest common divisor of 3575 and 2275.
325
What is the greatest common factor of 399 and 7?
7
Calculate the greatest common divisor of 67 and 335.
67
What is the greatest common divisor of 207 and 14?
1
What is the highest common factor of 6 and 630?
6
What is the greatest common divisor of 102 and 12?
6
Calculate the greatest common factor of 45526 and 34.
34
Calculate the highest common factor of 20 and 284.
4
What is the highest common factor of 238 and 204?
34
Calculate the highest common factor of 41625 and 45.
45
What is the highest common factor of 640 and 10?
10
Calculate the greatest co